What are the prime factors of 955012?
2, 257, 929
List the prime factors of 1212930.
2, 3, 5, 13477
What are the prime factors of 230303?
230303
What are the prime factors of 537691?
7, 11, 6983
What are the prime factors of 1193280?
2, 3, 5, 11, 113
List the prime factors of 302228.
2, 75557
What are the prime factors of 734230?
2, 5, 7, 17, 617
List the prime factors of 350675.
5, 13, 83
List the prime factors of 2338948.
2, 584737
List the prime factors of 23195108.
2, 1831, 3167
List the prime factors of 2142605.
5, 173, 2477
List the prime factors of 1017011.
1017011
List the prime factors of 25858975.
5, 1034359
List the prime factors of 387049.
13, 19, 1567
List the prime factors of 550243.
193, 2851
List the prime factors of 6717581.
13, 39749
What are the prime factors of 3707937?
3, 15259
List the prime factors of 397185.
3, 5, 26479
What are the prime factors of 20674910?
2, 5, 2067491
What are the prime factors of 16945722?
2, 3, 941429
List the prime factors of 3048880.
2, 5, 23, 1657
List the prime factors of 2603682.
2, 3, 79, 1831
What are the prime factors of 251524?
2, 7, 13, 691
What are the prime factors of 2394622?
2, 23, 52057
List the prime factors of 456975.
3, 5, 677
What are the prime factors of 1046435?
5, 13, 17, 947
List the prime factors of 8277089.
89, 93001
What are the prime factors of 2582312?
2, 59, 5471
What are the prime factors of 430346?
2, 7, 59, 521
List the prime factors of 51002.
2, 7, 3643
What are the prime factors of 3804970?
2, 5, 13, 29269
List the prime factors of 2543097.
3, 29, 29231
List the prime factors of 921662.
2, 7, 43, 1531
List the prime factors of 2985803.
359, 8317
What are the prime factors of 6771456?
2, 3, 2939
What are the prime factors of 430371?
3, 47819
List the prime factors of 190827.
3, 7, 13, 233
List the prime factors of 2616117.
3, 7, 124577
What are the prime factors of 5232654?
2, 3, 7, 109, 127
List the prime factors of 202453.
17, 11909
List the prime factors of 20865421.
2657, 7853
What are the prime factors of 972507?
3, 179, 1811
What are the prime factors of 295558?
2, 147779
What are the prime factors of 101167?
11, 17, 541
What are the prime factors of 140035?
5, 7, 4001
List the prime factors of 353746.
2, 83, 2131
List the prime factors of 3444860.
2, 5, 172243
What are the prime factors of 1227571?
19, 64609
What are the prime factors of 6552971?
79, 109, 761
What are the prime factors of 252647?
467, 541
What are the prime factors of 9535500?
2, 3, 5, 13, 163
What are the prime factors of 21119847?
3, 7, 61, 16487
What are the prime factors of 140398?
2, 70199
List the prime factors of 152024.
2, 31, 613
List the prime factors of 609506.
2, 41, 7433
What are the prime factors of 5378652?
2, 3, 53, 2819
List the prime factors of 215051.
215051
What are the prime factors of 2766334?
2, 149, 9283
List the prime factors of 512996.
2, 11, 89, 131
List the prime factors of 7551321.
3, 31, 81197
List the prime factors of 1002699.
3, 12379
List the prime factors of 247523.
127, 1949
List the prime factors of 35812.
2, 7, 1279
List the prime factors of 173855.
5, 11, 29, 109
What are the prime factors of 1810244?
2, 19, 23819
What are the prime factors of 2495368?
2, 271, 1151
List the prime factors of 1065606.
2, 3, 177601
What are the prime factors of 1056110?
2, 5, 11, 9601
List the prime factors of 1801.
1801
What are the prime factors of 242691?
3, 80897
List the prime factors of 7886283.
3, 17, 239, 647
List the prime factors of 983841.
3, 17, 101, 191
List the prime factors of 3924472.
2, 490559
List the prime factors of 1345278.
2, 3, 11, 17, 109
What are the prime factors of 9252165?
3, 5, 13, 17, 2791
What are the prime factors of 111588?
2, 3, 17, 547
List the prime factors of 20549224.
2, 2568653
List the prime factors of 42463755.
3, 5, 227, 4157
What are the prime factors of 724888?
2, 19, 251
What are the prime factors of 1243187?
11, 113017
What are the prime factors of 1222392?
2, 3, 31, 53
What are the prime factors of 852298?
2, 47, 9067
List the prime factors of 422329.
107, 3947
What are the prime factors of 10645532?
2, 307, 8669
What are the prime factors of 14440932?
2, 3, 11, 36467
List the prime factors of 14504.
2, 7, 37
List the prime factors of 14072512.
2, 31, 41, 173
List the prime factors of 1800886.
2, 900443
What are the prime factors of 1407958?
2, 31, 22709
What are the prime factors of 323210?
2, 5, 32321
List the prime factors of 19689306.
2, 3, 7, 13, 36061
What are the prime factors of 2948903?
2948903
List the prime factors of 57673.
7, 11, 107
What are the prime factors of 2206055?
5, 359, 1229
What are the prime factors of 1952867?
7, 278981
List the prime factors of 9820432.
2, 59, 101, 103
What are the prime factors of 120276?
2, 3, 13, 257
List the prime factors of 314059.
314059
What are the prime factors of 3423633?
3, 67, 17033
List the prime factors of 984789.
3, 13, 19, 443
List the prime factors of 1477376.
2, 29, 199
What are the prime factors of 12357711?
3, 347, 1319
List the prime factors of 690207.
3, 7, 23, 1429
List the prime factors of 6308531.
31, 197, 1033
What are the prime factors of 2025082?
2, 107, 9463
What are the prime factors of 266201?
13, 20477
List the prime factors of 475464.
2, 3, 11, 1801
List the prime factors of 65889.
3, 7321
What are the prime factors of 409537?
541, 757
What are the prime factors of 280225?
5, 11, 1019
What are the prime factors of 706001?
706001
List the prime factors of 2536092.
2, 3, 13, 5419
List the prime factors of 46376.
2, 11, 17, 31
What are the prime factors of 1936462?
2, 11, 23, 43, 89
List the prime factors of 123548.
2, 67, 461
What are the prime factors of 805275?
3, 5, 1193
What are the prime factors of 2313734?
2, 17, 4003
What are the prime factors of 10064694?
2, 3, 463, 3623
What are the prime factors of 897453?
3, 43, 773
What are the prime factors of 173654?
2, 13, 6679
List the prime factors of 1245856.
2, 38933
List the prime factors of 812697.
3, 270899
What are the prime factors of 15086?
2, 19, 397
List the prime factors of 3899619.
3, 433291
What are the prime factors of 3138499?
7, 13, 379
What are the prime factors of 21827?
13, 23, 73
What are the prime factors of 188749?
11, 17159
What are the prime factors of 5137962?
2, 3, 67, 12781
What are the prime factors of 543640?
2, 5, 13591
What are the prime factors of 1190851?
1190851
List the prime factors of 7679952.
2, 3, 7, 19, 401
What are the prime factors of 581182?
2, 7, 41513
List the prime factors of 136328.
2, 17041
What are the prime factors of 6349833?
3, 7, 3733
List the prime factors of 37543.
11, 3413
List the prime factors of 185487.
3, 17, 3637
What are the prime factors of 4206883?
641, 6563
What are the prime factors of 16661755?
5, 11, 302941
What are the prime factors of 307279?
7, 6271
What are the prime factors of 1046498?
2, 31, 16879
List the prime factors of 3797476.
2, 59, 16091
What are the prime factors of 21888201?
3, 31, 37, 6361
List the prime factors of 140321.
140321
List the prime factors of 918138.
2, 3, 13, 79, 149
List the prime factors of 379798.
2, 53, 3583
What are the prime factors of 3387301?
17, 19, 10487
List the prime factors of 43918971.
3, 31, 472247
List the prime factors of 479047.
19, 1327
List the prime factors of 6469024.
2, 113, 1789
List the prime factors of 6943731.
3, 29, 79813
List the prime factors of 9666802.
2, 29, 166669
What are the prime factors of 222494?
2, 53, 2099
What are the prime factors of 3736681?
13, 287437
List the prime factors of 33520766.
2, 16760383
List the prime factors of 176141.
7, 25163
List the prime factors of 1080115.
5, 216023
What are the prime factors of 845495?
5, 7, 17, 29
List the prime factors of 1707888.
2, 3, 7, 13, 17, 23
What are the prime factors of 215390?
2, 5, 7, 17, 181
List the prime factors of 418673.
29, 14437
What are the prime factors of 13048538?
2, 6524269
List the prime factors of 387365.
5, 11, 7043
What are the prime factors of 3832752?
2, 3, 7, 11, 17, 61
What are the prime factors of 1464006?
2, 3, 17, 31, 463
What are the prime factors of 687954?
2, 3, 114659
What are the prime factors of 1737581?
23, 31, 2437
List the prime factors of 2719581.
3, 239, 3793
List the prime 